{"id":152,"date":"2021-01-16T14:21:55","date_gmt":"2021-01-16T14:21:55","guid":{"rendered":"http:\/\/www.ocenovani-veteranu.cz\/?page_id=152"},"modified":"2023-02-21T17:26:27","modified_gmt":"2023-02-21T17:26:27","slug":"kontakt-2","status":"publish","type":"page","link":"https:\/\/www.ocenovani-veteranu.cz\/index.php\/kontakt-2\/","title":{"rendered":"Kontakt"},"content":{"rendered":"\n<p>Nev\u00e1hejte n\u00e1s kontaktovat, r\u00e1di s V\u00e1mi probereme p\u0159\u00ednos odborn\u00e9ho ocen\u011bn\u00ed Va\u0161eho veter\u00e1na po telefonu nebo p\u0159i osobn\u00ed sch\u016fzce.<\/p>\n\n\n\n<p>Pokud m\u00e1te sv\u00e9ho veter\u00e1na v Praze, ve St\u0159edo\u010desk\u00e9m kraji nebo na \u0160umav\u011b, m\u016f\u017ee detailn\u00ed prohl\u00eddka a focen\u00ed jako vstup pro certifikaci vozidla prob\u011bhnout p\u0159\u00edmo u V\u00e1s &#8211; nemus\u00edte tak s veter\u00e1nem nikam jezdit. <\/p>\n\n\n\n<p>B\u011bhem sezony 2023 budou tak\u00e9 prob\u00edhat certifikace v r\u00e1mci r\u016fzn\u00fdch veter\u00e1nsk\u00fdch sraz\u016f po cel\u00e9 \u010cR, bude tedy mo\u017en\u00e9 se domluvit na certifikaci klasick\u00e9ho vozidla i ve Va\u0161em regionu.<\/p>\n\n\n\n<p>                                                  U\u017eijte si sez\u00f3nu 2023!<\/p>\n\n\n\n<p>                                                                                         Jan Plomer<\/p>\n","protected":false},"excerpt":{"rendered":"<p>Nev\u00e1hejte n\u00e1s kontaktovat, r\u00e1di s V\u00e1mi probereme p\u0159\u00ednos odborn\u00e9ho ocen\u011bn\u00ed Va\u0161eho veter\u00e1na po telefonu nebo p\u0159i osobn\u00ed sch\u016fzce. Pokud m\u00e1te sv\u00e9ho veter\u00e1na v Praze, ve St\u0159edo\u010desk\u00e9m kraji nebo na \u0160umav\u011b, m\u016f\u017ee detailn\u00ed prohl\u00eddka a focen\u00ed jako vstup pro certifikaci vozidla prob\u011bhnout p\u0159\u00edmo u V\u00e1s &#8211; &hellip; <\/p>\n","protected":false},"author":1,"featured_media":0,"parent":0,"menu_order":0,"comment_status":"closed","ping_status":"closed","template":"","meta":[],"_links":{"self":[{"href":"https:\/\/www.ocenovani-veteranu.cz\/index.php\/wp-json\/wp\/v2\/pages\/152"}],"collection":[{"href":"https:\/\/www.ocenovani-veteranu.cz\/index.php\/wp-json\/wp\/v2\/pages"}],"about":[{"href":"https:\/\/www.ocenovani-veteranu.cz\/index.php\/wp-json\/wp\/v2\/types\/page"}],"author":[{"embeddable":true,"href":"https:\/\/www.ocenovani-veteranu.cz\/index.php\/wp-json\/wp\/v2\/users\/1"}],"replies":[{"embeddable":true,"href":"https:\/\/www.ocenovani-veteranu.cz\/index.php\/wp-json\/wp\/v2\/comments?post=152"}],"version-history":[{"count":10,"href":"https:\/\/www.ocenovani-veteranu.cz\/index.php\/wp-json\/wp\/v2\/pages\/152\/revisions"}],"predecessor-version":[{"id":314,"href":"https:\/\/www.ocenovani-veteranu.cz\/index.php\/wp-json\/wp\/v2\/pages\/152\/revisions\/314"}],"wp:attachment":[{"href":"https:\/\/www.ocenovani-veteranu.cz\/index.php\/wp-json\/wp\/v2\/media?parent=152"}],"curies":[{"name":"wp","href":"https:\/\/api.w.org\/{rel}","templated":true}]}}

<p>Neváhejte nás kontaktovat, rádi s Vámi probereme přínos odborného ocenění Vašeho veterána po telefonu nebo při osobní schůzce.</p>



<p>Pokud máte svého veterána v Praze, ve Středočeském kraji nebo na Šumavě, může detailní prohlídka a focení jako vstup pro certifikaci vozidla proběhnout přímo u Vás &#8211; nemusíte tak s veteránem nikam jezdit. </p>



<p>Během sezony 2023 budou také probíhat certifikace v rámci různých veteránských srazů po celé ČR, bude tedy možné se domluvit na certifikaci klasického vozidla i ve Vašem regionu.</p>



<p>                                                  Užijte si sezónu 2023!</p>



<p>                                                                                         Jan Plomer</p>

<p>Neváhejte nás kontaktovat, rádi s Vámi probereme přínos odborného ocenění Vašeho veterána po telefonu nebo při osobní schůzce. Pokud máte svého veterána v Praze, ve Středočeském kraji nebo na Šumavě, může detailní prohlídka a focení jako vstup pro certifikaci vozidla proběhnout přímo u Vás &#8211; &hellip; </p>
